e z(r).
-2
Let i(t) = t + 5 - 8 + 8*t**3 + 3. What is i(1)?
9
Let n(r) be the first derivative of r**4/6 + r**3/6 - r**2 + 5*r - 1. Let z(q) be the first derivative of n(q). Determine z(-2).
4
Let q(k) = -k**3 - 10*k + 0 - 3 - 3 - 9*k**2. Calculate q(-8).
10
Let r be 2 - (-3 + (3 - -2)). Suppose r = 2*f - 1 - 3. Let t(j) = 3*j**2 + 3*j**2 + 3*j - 2 - 7*j**2. Determine t(f).
0
Let j(t) = 0 + 2*t**2 + 1 + 4 - 4. Determine j(1).
3
Let x(l) = -23*l**2 - 9*l - 2. Let c(u) = 12*u**2 + 4*u + 1. Let v(z) = 9*c(z) + 4*x(z). What is v(1)?
17
Let g(o) = -2*o**3 - 2*o**2 + 4*o - 4. Let w(n) = 3*n**3 + 5*n**2 - 8*n + 7. Let s(k) = -5*g(k) - 3*w(k). Calculate s(3).
-7
Let l(x) = -x**2 - 1. Let r(m) = 5*m**2 + m + 4. Let i(t) = 11*l(t) + 2*r(t). What is i(3)?
-6
Let b be -9*(4 - 7)/3. Let k(l) = -7 - 1 + 8 + l + b. Determine k(-4).
5
Let o(i) be the third derivative of -i**7/1680 - i**6/720 + i**5/30 + 9*i**2. Let v(k) be the third derivative of o(k). What is v(-2)?
5
Suppose 0*p + 2*p - 8 = 0. Let j be ((-6)/p)/(3/(-4)). Suppose j*m + 14 = y - 4*y, 2 = -m + y. Let l(c) = -c**3 - 2*c**2 + 6*c + 4. Calculate l(m).
12
Let t(d) be the third derivative of d**6/360 - d**5/120 + d**4/4 - d**3/2 - d**2. Let b(l) be the first derivative of t(l). Calculate b(0).
6
Let u(o) = o. Let g(n) = 5*n + 3. Let f(q) = -g(q) + 4*u(q). Give f(-4).
1
Let t(y) = -y**3 + 3*y + 3. Let x be (-40)/18 - 2/(-9). Let w be t(x). Suppose -9 = -2*a - p, w*a - 6 - 15 = -3*p. Let s(g) = -g**2 + 8*g - 6. Give s(a).
6
Let h(v) be the second derivative of 1/20*v**5 - 3*v + 0*v**3 + 2*v**2 - 1/3*v**4 + 0. Let r(c) = 2*c - 7. Let s be r(5). Determine h(s).
-5
Let s(x) be the third derivative of x**6/12 + x**5/60 - x**4/12 + x**3/6 - 42*x**2. Give s(1).
10
Let w be (-1 - -2)*(1 + 2). Suppose -3*h - 16 = 2*k, 5*h + w*k - 10 = 7*k. Let u(a) be the third derivative of -a**4/8 - 13*a**2. Determine u(h).
6
Let h = 11 + 19. Let v = 26 - h. Let z(l) = 5*l - 2. Let r(y) = 11*y - 5. Let d(f) = 2*r(f) - 5*z(f). What is d(v)?
12
Let q = -13 + 17. Let y(d) = -5*d + 1. Let j(w) = -3*w. Let z(f) = q*y(f) - 7*j(f). Calculate z(-3).
1
Let x(r) be the second derivative of 0 - 1/12*r**4 - r**3 - r + 3/2*r**2. Give x(-5).
8
Let v(t) = 1. Let s(m) = m + 4. Let w(u) = s(u) + v(u). Let r(i) = -2*i - 5. Let g be r(-5). Let c = g - 9. Calculate w(c).
1
Let h be (0 + 1)*(-18)/18. Let i(d) = d**2 - 1. Let p(s) = 6*s**2 + s - 3. Let r(l) = 3*i(l) - p(l). Determine r(h).
-2
Let o(q) = -q**3 - 5*q**2 + 6*q + 5. Let l be o(-6). Let b(a) = -3*a**2 + 13*a + 7. Let v(p) = 2*p**2 - 9*p - 5. Let j(h) = l*b(h) + 7*v(h). Determine j(1).
1
Let u(y) = y**3 - 2*y**2 + y + 1. Let q be u(2). Let l = q + -3. Let d(j) = 5 - 1 + l*j + 2*j. Calculate d(-5).
-6
Let l(j) = j**2 + 8*j + 9. Let s be l(-7). Let n(o) = -s + 3 + 0 - 3*o. Let f = 4 + -5. Give n(f).
4
Let t(f) = f**2. Let v(y) = -6*y**2 + 6*y - 5. Let d(j) = 5*t(j) + v(j). Give d(4).
3
Let z(y) = -3*y**3 + y**2 - 2*y + 1. Let d = -52 - -53. Give z(d).
-3
Let k(q) = 5*q - 4*q + 8 - 2. Suppose -4*y + 0*y + 9*y = 0. Give k(y).
6
Let k(j) = -2*j**2 - 1. Let s = 1 + -3. Give k(s).
-9
Let d = 5 - 10. Let g(t) = -6*t**2 + 15*t**3 + 23*t**3 - 39*t**3 - 3 - 5*t. Determine g(d).
-3
Suppose 0 = 3*t + 6, -u + 0*t - 5 = 4*t. Let k(w) be the second derivative of 1/4*w**4 + 0 - 2*w**2 + w - 1/20*w**5 + 2/3*w**3. Calculate k(u).
8
Let l(a) be the first derivative of -a**3/3 - 5*a**2/2 - 7*a - 31. Calculate l(-5).
-7
Let i(o) be the first derivative of -o**3/3 + 5*o**2/2 + 10. Let c(k) = -k**3 - 3*k**2 + 2*k - 2. Let a be c(-4). What is i(a)?
-6
Let s(l) = -6*l**2 - 8*l + 10. Let g(b) = -7*b**2 - 9*b + 11. Let i(o) = -5*g(o) + 6*s(o). Give i(-4).
1
Let g(z) = -z + 6. Let u be (-36)/(1 - 5) - 1. Suppose k + 2 = -4*m + u, 0 = -m. Calculate g(k).
0
Let h(c) = -c**2 - 8*c - 1. Let u be h(-7). Let t(l) = l**2 - 5*l - 9. Let f be t(u). Let p(g) = -g**3 - 3*g**2 + 2*g. Calculate p(f).
-6
Suppose 4*c + 5*r + 0*r = -85, 45 = -2*c - 3*r. Let j be (-92)/c - (-4)/(-30). Let k(b) = -b**3 + 5*b**2 + 8*b - 9. Determine k(j).
3
Let u(m) = m**3 + 7*m**2 - 2*m - 5. Let c be (-51)/7 - 26/(-91). Calculate u(c).
9
Suppose 0 = -4*h - 3*b + 57, -2*b = -3*b + 3. Suppose -3*v - v = -h. Let r(z) = z**2 - 4*z - 3. Determine r(v).
-6
Let n be 2/(((-3)/2)/(-3)). Let d be (-3)/n + (-57)/(-12). Let y(g) = -d + 6 - 2*g - 1 + g**3 - g. Determine y(2).
3
Let m = -6 + 8. Let d(b) = 3*b**m + 6*b - 1 - 4 + 4*b**3 - 5*b**3. Suppose 4*t + 15 = t, 0 = -3*j - 4*t - 8. What is d(j)?
3
Let b(d) = d**3 + 2 - 2 - 14*d**2 + 3*d + 10*d**2 - 1. Let v(w) = -w**2 - 4*w - 2. Let f be v(-2). Calculate b(f).
-3
Suppose -25 = -5*n - 0. Let l(d) = -d**2 + 4*d + 5. Calculate l(n).
0
Let m(n) = -n**2 + 6*n + 5. Let b be 42/15*(-30)/(-12). What is m(b)?
-2
Let i(l) be the second derivative of l**5/40 - 5*l**4/24 - l**3/6 + l. Let g(x) be the second derivative of i(x). Determine g(4).
7
Let h(m) = -5 - 2*m + m**2 + 2*m - 4*m. Let g(l) = l**3 - 6*l**2 + 4*l + 20. Let z be g(4). What is h(z)?
-5
Suppose -4*w + 3*i + 47 = 2*i, -3 = -3*i. Suppose -3*h = h - w. Let u(k) = -2*k + 1 - 1 + k**2 + h. Determine u(2).
3
Let p(i) = -i**2 - i + 1. Let b(f) = -f**3 + 12*f**2 + 6*f - 13. Let o(m) = b(m) + 5*p(m). Give o(7).
-1
Suppose -4*p = -5*k + p + 25, -p = -3*k + 11. Let c(l) = -4 + 2 + 4*l**2 + 3*l - k*l**2. Give c(-3).
-2
Let j(m) be the third derivative of 1/24*m**4 + 0 - 2*m**2 + 0*m + 4/3*m**3. Give j(-6).
2
Suppose 2*x - 25 = -3*x. Let t(c) = -c**3 + 6*c**2 - 5*c - 4. Calculate t(x).
-4
Let s(b) = b**2 - 5*b + 2. Let y be s(3). Let o = y - -6. Let a(t) = -4*t - 2. What is a(o)?
-10
Suppose -18 - 2 = -5*a. Let o(v) = 22*v + a - 8*v - 12*v. Determine o(-5).
-6
Let c(z) = z**3 + z**2 + z - 1. Let j(h) = 4*h**3 - 2*h**2 + 13*h - 3. Let x(n) = -5*c(n) + j(n). Suppose 3*u = l + 3 + 2, 4*u = 4*l + 28. Give x(l).
2
Suppose 0 = -4*h - 3*s + 6, 4 = -2*h + 3*s - s. Suppose -q + h*q = 3*b + 5, 7 = q - b. Suppose q*t - 4 = -0*t. Let w(m) = m**3 - m**2 - 2*m + 1. Give w(t).
-1
Let o(d) = d**2 + 2*d - 3. Suppose 2 + 8 = -2*r. Let y = r - 0. Calculate o(y).
12
Suppose -4*s + 18 = 5*q, -2*s + q = -3 + 1. Suppose -2*l + 3 = -w - 2, -s*l - 25 = 5*w. Let i(x) = -x + 10. What is i(l)?
10
Let b(m) = 17*m**3 + 2*m**2 + 2*m + 1. Suppose 0 = s - 2*s - 1. Give b(s).
-16
Let m(w) = 2*w**2 - 8*w + 1. Let u(g) = 5*g**2 - 17*g + 2. Let y(b) = -7*m(b) + 3*u(b). Let c(z) = -4*z. Let t be c(1). Give y(t).
-5
Let y = 25 + -58. Let v(l) = -21*l. Let m(r) = r + 1. Let i(s) = -20*s - 16. Let z(q) = i(q) + 16*m(q). Let a(g) = y*z(g) + 6*v(g). Give a(-1).
-6
Let k be 216/(-40) - (-4)/10. Let g(i) = i**3 - 6*i**2 - 9*i - 1. Let q(l) = 2*l**3 - 6*l**2 - 10*l. Let x(b) = 3*g(b) - 2*q(b). Calculate x(k).
7
Let n(f) = -2*f**2 - 2*f - 1. Let q be (0 - (-2 + 0 + 0))*-1. Calculate n(q).
-5
Suppose 9 = -5*u - 21. Let s be ((-4)/u)/((-10)/(-45)). Let o(k) = -k**3 + 4*k**2 - 3*k. What is o(s)?
0
Let y(j) = -j + 4. Suppose -3*x - 6 = 3. Determine y(x).
7
Let n(f) = f**3 - 6*f**2 + 2*f - 6. Let k = -7 + 13. Determine n(k).
6
Let f = -11 + 16. Suppose -20 = s - f*s. Let u(h) = -h**2 + 8*h - 6. What is u(s)?
9
Let q(l) be the third derivative of l**5/60 - 5*l**4/12 + 2*l**3 - 30*l**2. Determine q(9).
3
Let z(p) = 2*p**2 - 5*p**2 - 1 - 2*p**2. Calculate z(1).
-6
Let w(v) be the second derivative of -v**5/20 + v**4/4 + v**3/6 + v**2 + 2*v. Calculate w(2).
8
Let g(x) = x**3 + 5*x**2 - 6*x. Let o be g(-6). Let h(q) = -6*q - 1. Let t be h(-1). Let j(c) = o*c + t*c + 0*c. Give j(1).
5
Let s(b) = -10*b**2 - 10*b - 4. Let c(d) = 3*d**2 + 3*d + 1. Let l(q) = 14*c(q) + 4*s(q). Determine l(-3).
10
Let r(y) = -4*y - 1. Let n(g) = -21*g - 5. Let a(f) = 2*n(f) - 11*r(f). Suppose d - 5*q = -24, 1 = d - q + 9. Let u = 6 + d. Calculate a(u).
5
Suppose 5*p = -5*g - 15, 3*g - p - 4 = 7. Let i(j) = -j**3 + j**2 - 1. Give i(g).
-5
Let n(d) = d - 2. Suppose 5*f + 6 = -9. Suppose 3*b - 5 = -29. Let u = f - b. What is n(u)?
3
Let i(n) = -5 + 0*n**2 - n**2 - 3*n**2. Let m(s) = -5*s**2 + s - 6. Let j(t) = -4*i(t) + 3*m(t). Give j(-2).
0
Let g(m) = m**2 - 6*m + 6. Let l = 7 + -2. Let n be g(l). Let c be (-3)/((-2)/(-2)*n). Let j(o) = o**3 + 4*o**2 + 2*o - 2. Determine j(c).
1
Let n(d) = d - 9. Let b(k) be the first derivative of k**4/4 + 